Let j(v) = 2*v**3 + 19*v**2 - 92*v - 522. Determine j(-11).
127
Let q(j) = -1373*j**2 + 2665*j + 156. Give q(2).
-6
Let i(l) = 4*l**3 + 168*l**2 + 257*l + 3818. What is i(-41)?
5
Let j(w) = 4*w**2 + 522*w - 2058. Calculate j(-132).
-1266
Let h(i) = -i**3 + 215*i**2 - 411*i - 3317. Calculate h(213).
-122
Let z(f) = 3*f**3 - 10*f**2 + 38*f. Give z(1).
31
Let w(y) = 2836*y + 195686. Determine w(-69).
2
Let x(w) = 214*w + 2137. Give x(9).
4063
Let c(j) = -8*j**2 + 1244*j + 10463. Determine c(-8).
-1
Let h(z) = -z**2 + 1292*z - 11576. What is h(9)?
-29
Let j(x) = x**3 + 131*x**2 - 6834*x + 1016. Give j(-171).
-10
Let f(w) = -3*w**3 + 185*w**2 - 525*w - 3. What is f(3)?
6
Let i(f) = -16325*f + 137. Calculate i(0).
137
Let j(p) = -2*p**3 + 494*p**2 + 56*p - 13875. What is j(247)?
-43
Let g(w) = -2*w**2 - 191*w - 1913. Determine g(-80).
567
Let n(l) = l**2 + 68*l - 2777. What is n(28)?
-89
Let d(v) = 23254*v**2 - 395318*v + 10. Determine d(17).
10
Let m(n) = -3*n**2 + 76*n - 19. Calculate m(33).
-778
Let n(z) = z**3 - 2793*z**2 - 25216*z + 15. Give n(-9).
-3
Let a(g) = 35*g**2 - 62*g + 56. What is a(2)?
72
Let m(p) = -2*p**3 + 133*p**2 - 76*p + 358. Determine m(66).
-302
Let h(r) = 46358*r**2 + 139065*r - 12. Give h(-3).
15
Let w(s) = 5*s**3 - 3*s**2 + 6*s + 33. Determine w(-6).
-1191
Let u(c) = 2*c**3 - 21*c**2 - 83*c - 269. Determine u(14).
-59
Let w(z) = 3*z**3 - 2*z**2 - 536*z + 2117. Give w(4).
133
Let x(l) = 193*l + 19441. Calculate x(-102).
-245
Let o(k) = 2539*k - 83803. Calculate o(33).
-16
Let y(m) = -42*m + 2470. Determine y(33).
1084
Let y(h) = 4253*h - 17188. Determine y(4).
-176
Let u(k) = -k**3 - 2*k**2 - 299*k - 1487. Determine u(-5).
83
Let b(v) = 13624*v**2 + 108947*v. Calculate b(-8).
360
Let m(u) = 2*u**3 - 57*u**2 - 137*u - 57. Give m(26).
-6999
Let h(j) = j**3 - 212*j**2 - 66049*j + 393. What is h(384)?
9
Let r(w) = -w**3 - 166*w**2 - 5595*w - 244. Give r(-119).
-6
Let k(t) = -5*t**3 - 378*t**2 + 204*t - 25797. Determine k(-77).
-2
Let x(k) = 7367*k - 161982. Give x(22).
92
Let d(b) = 31*b - 4618. What is d(153)?
125
Let n(h) = 82*h**2 + 681*h + 734. Determine n(-7).
-15
Let o(z) = -3*z**2 + 131*z - 2768. Determine o(22).
-1338
Let f(b) = 156*b**2 + 1081*b + 1827. Give f(-4).
-1
Let w(n) = n**3 + 65*n**2 - 272*n + 499. What is w(-69)?
223
Let r(k) = -3*k**2 - 98*k + 196311. Give r(240).
-9
Let c(a) = 2*a**2 - 228*a + 4462. Give c(78).
-1154
Let x(u) = 226*u + 6456. What is x(-27)?
354
Let a(u) = 49*u**3 - 639*u**2 + 47*u - 97. Calculate a(13).
176
Let u(w) = w**3 + 198*w**2 + 38*w + 7538. What is u(-198)?
14
Let f(g) = -99*g**2 + 593*g - 47. Calculate f(6).
-53
Let s(y) = y**3 - 22*y**2 + 108*y + 91. Determine s(20).
1451
Let v(a) = a**3 - 22*a**2 + 85*a + 11. Determine v(14).
-367
Let b(u) = 2*u**2 + 12041*u + 371382. Determine b(-31).
33
Let b(i) = 62448*i + 686916. Give b(-11).
-12
Let h(a) = 629*a**2 - 30823*a - 188. Determine h(49).
-286
Let a(n) = n**3 - 14*n**2 - 1418*n - 4095. Determine a(-3).
6
Let m(c) = -2504*c - 663503. Calculate m(-265).
57
Let p(t) = -321*t - 1757. Calculate p(-6).
169
Let h(b) = -12081*b + 9858088. Calculate h(816).
-8
Let q(g) = -2*g**3 + 40*g**2 - 177*g - 7772. Give q(-10).
-2
Let z(o) = -7*o**3 + 4181*o**2 + 2995*o - 2998. Calculate z(598).
-8
Let c(r) = -11*r**2 + 1389*r + 31674. Give c(146).
-8
Let s(y) = 29*y + 375. Determine s(-42).
-843
Let z(m) = -26824*m - 6330466. Calculate z(-236).
-2
Let t(m) = m**3 - 48*m**2 + 4681*m - 38972. Determine t(9).
-2
Let y(d) = 23113*d - 3166508. Determine y(137).
-27
Let x(c) = 11*c**3 + 890*c**2 - 58*c + 1939. Give x(-81).
76
Let i(h) = -2*h**3 + 214*h**2 - 623*h + 146. Determine i(104).
250
Let l(p) = -p**3 + 152*p**2 + 352*p - 10577. Calculate l(154).
-3801
Let j(l) = -87*l**2 + 438*l + 1327. Calculate j(-3).
-770
Let z(m) = -2027*m + 310090. Give z(153).
-41
Let u(x) = 215169*x - 1506317. What is u(7)?
-134
Let n(b) = 171*b**2 - 6849*b + 202. Calculate n(40).
-158
Let b(f) = -18*f**2 - f - 22. Determine b(6).
-676
Let t(f) = -f**3 - 39*f**2 + 1201*f + 38. Give t(-59).
-1201
Let p(t) = -60*t**2 + 60*t - 323. What is p(5)?
-1523
Let s(g) = 616*g - 166441. Determine s(270).
-121
Let a(o) = 2*o**3 + 39*o**2 - 101*o + 381. Determine a(-21).
1179
Let q(f) = -1625*f - 30969. What is q(-19)?
-94
Let i(z) = 61*z + 5643. Determine i(-86).
397
Let p(a) = a**3 - 63*a**2 + 436*a - 262. What is p(55)?
-482
Let t(d) = 59*d**3 - 46*d**2 - 199*d - 87. Calculate t(-4).
-3803
Let i(g) = 3*g**2 - 489*g - 14099. What is i(-25)?
1
Let p(a) = 12*a**2 + 302*a + 897. Give p(-3).
99
Let w(i) = -i**2 + 168*i - 324. Determine w(2).
8
Let v(n) = -13*n**2 + 3604*n + 88824. Calculate v(300).
24
Let i(w) = 120178*w + 841235. What is i(-7)?
-11
Let v(l) = -15337*l + 1119629. Calculate v(73).
28
Let i(l) = l**3 + 16*l**2 - 106*l - 95. What is i(-21)?
-74
Let a(o) = 2*o**2 - 270*o - 358. Give a(135).
-358
Let w(c) = -29*c**3 + 200*c**2 - 164*c + 1244. Calculate w(7).
-51
Let t(h) = 3174*h + 76174. Give t(-24).
-2
Let o(p) = 5*p**3 + 52*p**2 + 24*p + 17. Give o(-4).
433
Let d(m) = -3*m**3 - 14*m**2 - 89*m - 340. What is d(-4)?
-16
Let d(p) = -10*p**3 - 42*p**2 + 44*p + 37. Calculate d(-5).
17
Let f(l) = -l**3 - 173*l**2 + 1828*l + 677. Give f(-183).
1043
Let u(q) = -q**2 + 1724*q + 122001. What is u(-68)?
145
Let c(l) = -113*l + 1978. What is c(24)?
-734
Let r(h) = -2*h**3 + 72*h**2 - 184*h - 293. Give r(33).
169
Let r(l) = 811*l - 241683. Calculate r(298).
-5
Let j(k) = k**2 - 111*k + 1532. Determine j(71).
-1308
Let z(l) = -l**3 + 45*l**2 + 50*l - 1869. What is z(45)?
381
Let k(i) = -4*i**3 + 26*i**2 - 3*i + 13. Give k(7).
-106
Let b(h) = -h**3 - 40*h**2 - 331*h - 53. Determine b(-12).
-113
Let f(p) = -p**3 + 11*p**2 + 231*p - 499. Calculate f(2).
-1
Let j(o) = 25*o**3 + 139*o**2 - 141*o - 453. What is j(-6)?
-3
Let f(l) = -36*l**2 + 1906*l - 66. Determine f(53).
-172
Let c(n) = -106*n**3 - 2*n**2 - 110*n - 111. What is c(-1)?
103
Let z(j) = -j**3 - 981*j**2 + 4936*j - 32. Determine z(5).
-2
Let s(w) = -w**3 - 18*w**2 + 534*w + 9616. Give s(-18).
4
Let t(j) = 4*j**2 - 1205*j - 75111. Determine t(-53).
-10
Let c(w) = -w**3 + 23*w**2 - 31*w - 791. What is c(24)?
-2111
Let d(u) = -12524*u + 538353. Give d(43).
-179
Let l(n) = -4*n**2 - 667*n + 671. Calculate l(1).
0
Let a(n) = -79*n**3 + 34523*n**2 - 24*n + 10493. What is a(437)?
5
Let m(n) = 19080*n - 1545478. Calculate m(81).
2
Let v(q) = 11*q**2 + 1237*q - 2147. Calculate v(-114).
-209
Let n(i) = -i**2 - 30249*i - 4185294. What is n(-139)?
-4
Let d(f) = 245*f**2 - 697*f - 106. Give d(3).
8
Let z(y) = -943*y + 12031. What is z(14)?
-1171
Let c(s) = 576*s - 160. Determine c(-4).
-2464
Let x(m) = -47*m**2 + 588*m - 84. Give x(12).
204
Let t(q) = q**3 - q**2 + 7*q + 4. Determine t(0).
4
Let n(q) = 33*q - 2748. Calculate n(66).
-570
Let s(f) = -10*f**3 + 19*f**2 - 144*f + 635. Determine s(6).
-1705
Let y(l) = -375*l + 12806. Give y(36).
-694
Let f(i) = 5*i**3 + 372*i**2 - 1010*i - 645. Calculate f(-77).
48
Let n(g) = 6*g**3 - 32*g**2 + 119*g + 8. What is n(4)?
356
Let p(h) = -h**3 - 342*h**2 - 766*h - 29250. What is p(-340)?
-10
Let m(x) = -763715*x + 12219436. Give m(16).
-4
Let u(g) = -215*g**3 + 225*g**2 - 106*g + 104. Calculate u(1).
8
Let k(a) = -2768*a - 138351. Calculate k(-50).
49
Let l(p) = 9064*p + 208500. Calculate l(-23).
28
Let o(y) = -y**3 + 12*y**2 - 89*y + 975. What is o(11)?
117
Let k(c) = 2*c**3 + 17*c**2 - 237*c - 1159. What is k(-12)?
677
Let l(v) = 118286*v + 25076639. Give l(-212).
7
Let g(n) = -189*n - 17554. What is g(-109)?
3047
Let f(o) = -1632332*o + 48969965. Give f(30).
5
Let p(m) = -61*m**2 - 492*m - 1477. Calculate p(-3).
-550
Let h(u) = 931*u + 47414. Determine h(-51).
-67
Let d(n) = -n**3 + 44*n**2 + 789*n + 1314. Calculate d(58).
-20
Let b(w) = 656*w + 70619. Give b(-107).
427
Let i(j) = j**3 + 77*j**2 - 5738*j + 3694. Calculate i(46).
14
Let u(h) = -19*h**2 - 115*h - 33. Calculate u(-10).
-783
Let s(f) = f**3 + 25*f**2 - 1375*f - 21456. Give s(-14).
-50
Let w(g) = -9206*g - 64458. Give w(-7).
-16
Let x(n) = 2*n**2 - 343*n + 11010. What is x(126)?
-456
Let q(p) = -175*p - 9657. Give q(-52).
-557
Let n(t) = 16*t**2 + 3028*t + 528. Determine n(-189).
-228
Let r(m) = -317*m**2 + 2890*m - 332. Determine r(